698 a multiple of 29?
True
Does 7 divide 1393?
True
Does 13 divide 338?
True
Is 12110 a multiple of 35?
True
Is 442 a multiple of 34?
True
Does 30 divide 660?
True
Is 14 a factor of 12559?
False
Does 74 divide 1184?
True
Does 12 divide 3270?
False
Does 37 divide 1650?
False
Is 3196 a multiple of 68?
True
Is 7 a factor of 8601?
False
Does 54 divide 1728?
True
Is 41734 a multiple of 154?
True
Is 11 a factor of 4037?
True
Does 4 divide 73?
False
Does 29 divide 2726?
True
Is 9 a factor of 459?
True
Is 2243 a multiple of 25?
False
Does 7 divide 224?
True
Is 450 a multiple of 25?
True
Does 93 divide 1899?
False
Does 6 divide 12534?
True
Does 2 divide 1028?
True
Is 14 a factor of 4927?
False
Does 51 divide 32494?
False
Is 3 a factor of 902?
False
Does 52 divide 3471?
False
Does 5 divide 65240?
True
Is 56 a factor of 17164?
False
Is 248 a multiple of 13?
False
Is 22605 a multiple of 165?
True
Is 106 a factor of 2126?
False
Is 5 a factor of 6295?
True
Is 1692 a multiple of 9?
True
Is 958 a multiple of 18?
False
Is 82 a factor of 8528?
True
Is 5 a factor of 1306?
False
Is 2552 even?
True
Does 5 divide 115?
True
Does 12 divide 3070?
False
Is 17 a factor of 1049?
False
Is 19596 a multiple of 44?
False
Is 666 a multiple of 31?
False
Is 44 a factor of 7612?
True
Is 28886 a multiple of 202?
True
Does 15 divide 1104?
False
Does 56 divide 5036?
False
Is 153 a factor of 5814?
True
Does 71 divide 1278?
True
Is 73 a factor of 18615?
True
Does 10 divide 794?
False
Is 89 a factor of 7473?
False
Does 106 divide 37842?
True
Does 35 divide 2940?
True
Does 104 divide 1144?
True
Does 19 divide 2961?
False
Does 26 divide 1174?
False
Is 598 a multiple of 9?
False
Does 119 divide 42959?
True
Is 18 a factor of 17875?
False
Does 16 divide 321?
False
Is 33 a factor of 3861?
True
Is 147 even?
False
Is 26540 a multiple of 10?
True
Is 434 a multiple of 31?
True
Does 74 divide 10472?
False
Does 3 divide 8889?
True
Does 21 divide 155?
False
Is 3640 a multiple of 20?
True
Does 36 divide 1746?
False
Is 827 a multiple of 9?
False
Is 8 a factor of 12537?
False
Does 99 divide 1287?
True
Does 45 divide 277?
False
Is 82698 a multiple of 14?
True
Is 15 a factor of 12361?
False
Is 49973 a multiple of 92?
False
Is 32 a factor of 32960?
True
Is 1496 a multiple of 9?
False
Does 70 divide 8750?
True
Is 24 a factor of 30193?
False
Is 35 a factor of 5075?
True
Is 4394 a multiple of 239?
False
Does 9 divide 24795?
True
Is 8 a factor of 187?
False
Does 7 divide 882?
True
Is 19143 a multiple of 37?
False
Is 693 a multiple of 14?
False
Is 14133 a multiple of 8?
False
Is 571 a multiple of 7?
False
Is 128 a factor of 10622?
False
Is 15250 a multiple of 76?
False
Is 36 a factor of 4932?
True
Is 141 a factor of 6204?
True
Is 12 a factor of 27036?
True
Does 58 divide 2428?
False
Is 28049 a multiple of 210?
False
Is 29568 a multiple of 96?
True
Is 1365 a multiple of 65?
True
Does 8 divide 134?
False
Is 209 a factor of 1045?
True
Does 29 divide 1589?
False
Is 2910 a multiple of 19?
False
Is 9523 a multiple of 107?
True
Is 4328 a multiple of 8?
True
Is 244 a multiple of 61?
True
Is 13 a factor of 7987?
False
Is 304 a multiple of 7?
False
Does 157 divide 2512?
True
Is 141667 a multiple of 9?
False
Is 21942 a multiple of 18?
True
Does 9 divide 76734?
True
Does 105 divide 4571?
False
Does 192 divide 120229?
False
Is 15039 a multiple of 63?
False
Is 2476 a multiple of 62?
False
Is 147 a factor of 7877?
False
Is 2440 a multiple of 40?
True
Does 39 divide 40298?
False
Is 16 a factor of 1011?
False
Does 7 divide 646?
False
Is 2356 even?
True
Does 15 divide 4372?
False
Does 21 divide 472?
False
Does 8 divide 984?
True
Is 2554 a multiple of 21?
False
Is 110 a factor of 8743?
False
Does 154 divide 43371?
False
Is 90 a factor of 28620?
True
Does 4 divide 192?
True
Is 13605 a multiple of 20?
False
Is 28 a factor of 456?
False
Is 12 a factor of 73080?
True
Does 44 divide 3809?
False
Does 3 divide 130?
False
Is 4368 a multiple of 8?
True
Is 172 a multiple of 2?
True
Does 11 divide 55?
True
Is 2550 a multiple of 50?
True
Is 2250 a multiple of 45?
True
Does 13 divide 1118?
True
Is 19 a factor of 2432?
True
Does 37 divide 2340?
False
Does 29 divide 152?
False
Does 19 divide 1425?
True
Is 37186 a multiple of 57?
False
Is 52 a factor of 7748?
True
Does 19 divide 1345?
False
Is 305 a multiple of 61?
True
Is 6 a factor of 42?
True
Is 38948 a multiple of 13?
True
Is 20786 a multiple of 15?
False
Is 352 even?
True
Is 8 a factor of 1884?
False
Is 17 a factor of 6613?
True
Is 12395 a multiple of 37?
True
Is 302 a multiple of 14?
False
Does 12 divide 20302?
False
Does 19 divide 2245?
False
Is 65 a factor of 1300?
True
Is 11 a factor of 33?
True
Is 55 a factor of 2090?
True
Does 20 divide 140?
True
Is 31388 a multiple of 59?
True
Does 11 divide 2059?
False
Does 24 divide 9048?
True
Is 11 a factor of 1254?
True
Is 4998 a multiple of 45?
False
Does 16 divide 7558?
False
Is 299 a multiple of 13?
True
Is 215175 a multiple of 25?
True
Is 9660 a multiple of 115?
True
Is 1013 a multiple of 28?
False
Is 17 a factor of 5355?
True
Does 10 divide 680?
True
Is 3045 a multiple of 7?
True
Is 7 a factor of 189?
True
Is 4 a factor of 17303?
False
Is 1241 a multiple of 10?
False
Is 56 a factor of 50573?
False
Is 236 a multiple of 7?
False
Is 12 a factor of 7979?
False
Is 2890 a multiple of 10?
True
Is 291 a multiple of 15?
False
Is 47 a factor of 2824?
False
Is 89 a factor of 8989?
True
Is 108 a factor of 18290?
False
Does 8 divide 320?
True
Is 57 a factor of 538?
False
Does 65 divide 2673?
False
Is 5888 a multiple of 46?
True
Does 110 divide 11220?
True
Is 1390 a multiple of 139?
True
Is 5 a factor of 575?
True
Is 355 a multiple of 40?
False
Is 7 a factor of 12634?
False
Is 27 a factor of 1404?
True
Is 20 a factor of 380?
True
Is 177 a factor of 177?
True
Is 50 a multiple of 2?
True
Is 1843 a multiple of 19?
True
Is 2 a factor of 77?
False
Does 98 divide 5684?
True
Is 615 a multiple of 55?
False
Is 154 a factor of 27350?
False
Does 17 divide 1275?
True
Is 59 a factor of 13039?
True
Does 113 divide 10759?
False
Is 13817 a multiple of 20?
False
Is 45 a factor of 15705?
True
Is 35052 a multiple of 92?
True
Does 28 divide 16044?
True
Does 13 divide 741?
True
Is 5 a factor of 175?
True
Is 10 a factor of 10021?
False
Is 16 a factor of 56?
False
Is 18038 a multiple of 5?
False
Is 47 a factor of 4035?
False
Is 1677 a multiple of 13?
True
Is 2976 a multiple of 2?
True
Is 7 a factor of 329?
True
Does 9 divide 386?
False
Is 66 a factor of 3378?
False
Does 9 divide 258?
False
Is 79 a factor of 10193?
False
Does 92 divide 63480?
True
Is 40 a factor of 40449?
False
Does 40 divide 1655?
False
Does 23 divide 11102?
False
Does 32 divide 10112?
True
Is 5 a factor of 548?
False
Is 7 a factor of 2828?
True
Is 50 a factor of 650?
True
Is 19 a factor of 1197?
True
Is 6300 a multiple of 20?
True
Does 17 divide 3060?
True
Is 31 a factor of 26970?
True
Does 14 divide 528?
False
Is 1244 a multiple of 9?
False
Does 15 divide 420?
True
Is 1509 a multiple of 21?
False
Does 5 divide 2910?
True
Is 147 a factor of 10742?
False
Does 4 divide 10606?
False
Does 68 divide 3264?
True
Is 7955 a multiple of 16?
False
Is 56335 a multiple of 19?
True
Is 7 a factor of 364?
True
Is 22 a factor of 154?
True
Is 5 a factor of 251?
False
Is 507 a multiple of 13?
True
Is 16518 a multiple of 206?
False
Is 22 a factor of 286?
True
Is 21772 a multiple of 51?
False
Does 33 divide 7916?
False
Is 3 a factor of 597?
True
Is 95 a factor of 114?
False
Does 181 divide 63156?
False
Does 30 divide 51107?
False
Is 6804 a multiple of 28?
True
Does 9 divide 369?
True
Is 6515 a multiple of 52?
False
Is 18672 a multiple of 12?
True
Is 414 a multiple of 6?
True
Is 54 a factor of 5940?
True
Is 3255 a multiple of 110?
False
Is 5 a factor of 3003?
False
Does 129 divide 8059?
False
Does 49 divide 3348?
False
Is 1548 a multiple of 18?
True
Does 105 divide 5355?
True
Is 3816 a multiple of 24?
True
Is 15014 a multiple of 4?
False
Does 4 divide 873?
False
Is 35 a factor of 1402?
False
Is 10 a factor of 240?
True
Does 24 divide 240?
True
Does 15 divide 116715?
True
Is 98432 a multiple of 132?
False
Is 7966 a multiple of 20?
False
Is 718 a multiple of 41?
False
Is 6 a factor of 525?
False
Is 90 a factor of 11453?
False